 + 4*c = -5*z + 3. What is the units digit of z?
3
What is the tens digit of (6/12)/((-1)/(-372))?
8
Let z = -10 + 14. Let g(t) = 2*t + 3. What is the units digit of g(z)?
1
Let s(x) = -x**2 + 7*x - 1. Let d be s(6). Suppose -52 = -p - 3*v, 5*p - 164 = 2*p - d*v. What is the units digit of p/18 + 4/(-18)?
3
Let r(l) = 5 + l**2 + 1 - 3 + 14*l + 2. What is the units digit of r(-14)?
5
Let b = -561 - -842. What is the hundreds digit of b?
2
Let a(x) be the third derivative of -x**4/8 - x**3/6 - 2*x**2. What is the units digit of a(-3)?
8
Let u(a) = 10*a + 39. What is the units digit of u(9)?
9
Suppose 0 = 2*y - 7*y + 360. Suppose 0 = 3*s - 6*s + 9, 3*p + 4*s = y. What is the tens digit of p?
2
Suppose 3*x = -0*x. Suppose 2*t = x, 5*t = -3*p + 3*t + 6. Let h = p + -1. What is the units digit of h?
1
Let j(p) = -p**3 - 3*p**2 - 3*p. Let u be j(-3). What is the units digit of (0 + 1)/(1/u)?
9
What is the hundreds digit of 26*(-3)/(-12)*20?
1
Let u = 88 - 62. Let v = -8 + u. What is the tens digit of v?
1
Let h = 3 + 3. Let t be (-28)/35*(-10)/(-4). Let c = h + t. What is the units digit of c?
4
Let q = 8 - 2. What is the units digit of q?
6
Let j be (-7)/(-2) - 5/10. Suppose 4*p = -3*n + 92, 0*p - j*p = -5*n - 40. Let u = p - -3. What is the units digit of u?
3
Let q = 3 + -2. Suppose -13 = 2*u - q. Let x(l) = -l**3 - 5*l**2 + 4*l - 1. What is the tens digit of x(u)?
1
What is the units digit of 678/4*(-4 + 14/3)?
3
Let i = -16 - -72. What is the units digit of i?
6
Let q(k) = k - 5. Suppose -5*f - 3*s = -f + 16, s - 4 = 0. Let a = 14 + f. What is the units digit of q(a)?
2
Let p(z) be the first derivative of 17*z**2/2 + 2*z + 4. What is the tens digit of p(1)?
1
Suppose 38 = 5*n + 2*q + 13, 5*q - 22 = n. Suppose 0 = -x + n. Suppose -14 = -x*b - 2. What is the units digit of b?
4
What is the tens digit of 0 + -4 - (-5 + -64)?
6
Suppose -7*x + 2*x + 135 = 0. What is the units digit of x?
7
Suppose 0 = -8*y + 3*y + 10. Suppose m - 9 = y. What is the units digit of m?
1
Let f(l) = -l**3 + 4*l**2 - 2*l. Let r be f(3). Let u be (7 + 3)*(-1)/(-2). Let g = r + u. What is the units digit of g?
8
Let m(u) = -4*u - 8. Let p be m(-3). Let d be 1*(0 - 2) - -5. Let z = d + p. What is the units digit of z?
7
Let h(m) = m**2 + m - 1. Let f be h(1). What is the units digit of (-1)/f - 3*-7?
0
Suppose -150 = 5*g - 385. What is the tens digit of g?
4
Let l(j) = j**3 - 9*j**2 - 15*j - 15. What is the units digit of l(11)?
2
Let b be 6/(-1*(-1 - 0)). Let k(f) be the second derivative of f**3/6 - 5*f**2/2 + 20*f. What is the units digit of k(b)?
1
Let w(b) = -b**3 + 4*b**2 + 5*b + 7. Suppose m - 25 = -4*m. What is the units digit of w(m)?
7
Suppose 826 = -8*g + 3538. What is the tens digit of g?
3
Let l(w) = w**2 - 2*w - 1. Let d be l(2). What is the units digit of (-8 - 0)*d/2?
4
Let s(j) = j**2 + 7*j. Let t be s(-5). Let c be ((-12)/(-15))/((-4)/t). Suppose c*i - 5 = -1. What is the units digit of i?
2
Let j be ((-12)/(-15))/((-2)/(-5)). Suppose -3*m - 8 = j*y, 3*y = -4*m + 4 - 14. What is the units digit of y?
2
Suppose -7*g + 317 = -229. Suppose -6 = 4*a - g. What is the tens digit of a?
1
Let w be ((-8)/(-6))/((-2)/(-3)). Suppose -d - 5*t = d - 20, -w*t + 14 = 2*d. What is the units digit of d?
5
Let q be (9/(-4))/((-6)/64). Suppose 2*c = -5*m + c + 60, -2*m = c - q. What is the tens digit of m?
1
What is the units digit of 80/2*(-5 + 6)?
0
Suppose 25 = -3*d + 76. What is the units digit of d?
7
What is the units digit of 1/(3 - (-260)/(-88))?
2
Suppose -5*r = -2*i - 3*i + 865, -5*r = -2*i + 340. Let j be i/5 - (2 - 2). Suppose -5*f + j = -0*f. What is the units digit of f?
7
Let s(i) be the first derivative of i**4/4 + i**3 - i**2 - 3*i - 3. Let x be s(-3). Suppose 0*c - 5*c + 15 = -x*f, -3*c + 23 = f. What is the units digit of c?
6
Let o(t) = -t**3 - 8*t**2 - 2*t - 11. Let z be o(-8). Suppose z + 8 = j. What is the units digit of j?
3
Suppose 2*d - 4*c - 12 = 0, 0*d - 3*d - 10 = c. Let x(z) = z**3 + 3*z**2 + z - 2. Let a be x(d). What is the units digit of (-2 + a)/(2/(-11))?
1
Let q be -1 - (-1 - -1) - 2. Let b(p) = -p**3 + p**2 - p - 1. Let z be b(0). What is the units digit of (3 + z + q)*-15?
5
Suppose 3*u - 78 = 3*g, -2*u - 3*g + 96 = u. Suppose 504 = 2*j - d, 2*j + 2*d - 463 = u. What is the tens digit of j/15 + 2/(-3)?
1
Let v(b) = -b**3 - 6*b**2 - 7*b - 4. Suppose 5*h - h = 0. Let u = h - 5. What is the units digit of v(u)?
6
Suppose u + 25 = -2*s + 70, -5*u - 74 = -3*s. What is the tens digit of s?
2
Suppose 43 = 7*b - 13. What is the units digit of b?
8
What is the units digit of 3 - (0 + 1 + -9)?
1
Let w = -79 + 100. What is the units digit of w?
1
Suppose 0 - 12 = -3*f. Suppose -f*o = y - 51 - 70, -2*o + 4*y + 56 = 0. What is the units digit of o?
0
Suppose -4*b = -b - 12. Let o = -4 + 3. Let c = b + o. What is the units digit of c?
3
Let a(k) = k**2 + k - 3. Let u(l) = l**2 + 7*l - 11. Let g be u(-8). Let v be a(g). Suppose v*q - 15 = -3. What is the units digit of q?
4
Suppose 5*h = -0*h - 5*c + 5, -4*h - 14 = -5*c. Let f be h*3/9*0. Let s(w) = -w**2 + 6. What is the units digit of s(f)?
6
Let h(q) = q - 3. Let w be h(7). Let i(x) = -x**3 + 5*x**2 + 3. What is the units digit of i(w)?
9
Suppose 3*s + 9 - 30 = 0. Let o = -4 + s. Suppose -2*r - o = -9. What is the units digit of r?
3
Let g = 14 + -20. What is the units digit of 3/(3/g*-2)?
3
Suppose 5*g + 322 = 3*a, -5*a - 2*g + 514 = g. What is the units digit of a?
4
Let a = 47 - 33. What is the tens digit of a?
1
Let y = -14 - -38. Suppose -3*h + u = -5*h + y, -u = 5*h - 63. What is the tens digit of h?
1
Suppose 4*o - 375 = 425. What is the units digit of o?
0
Let a(w) = -w**3 + 8*w**2 - 7*w - 8. Let z(p) = -6*p**3 + 40*p**2 - 34*p - 40. Let q(m) = -11*a(m) + 2*z(m). What is the units digit of q(-9)?
8
Let z = -6 - -10. Let y be (66/(-9))/(z/(-6)). Let v = -5 + y. What is the units digit of v?
6
Let h(s) = s + 5. Let a be h(-5). Suppose a*p - 5*p = -10. What is the units digit of p?
2
Let n = 67 + -27. Suppose 5*x = -5*j + n, -2*x + 7*x + 20 = 0. What is the units digit of 2/6*1*j?
4
Let v(w) = 12 + 11*w**2 + w**3 + 13*w - 7*w**2 + 7*w**2. Let h be v(-10). Let t = -11 - h. What is the units digit of t?
7
Suppose 11*d - 910 = d. What is the units digit of d?
1
What is the units digit of (123/3 - -2) + -3?
0
Let q be 605/25 - (-2)/(-10). Let c = q - 20. What is the units digit of c?
4
Let i(k) = 6*k**2 + 10*k + 6. Let j(c) = -7*c**2 - 10*c - 5. Let w(g) = 6*i(g) + 5*j(g). What is the tens digit of w(-11)?
2
Let s(t) = -8*t + 1. Let i be s(-1). Let g = 0 + i. What is the units digit of g?
9
Let n(k) be the first derivative of 2*k**2 + k + 3. Suppose 10 = 13*b - 8*b. What is the units digit of n(b)?
9
Let j be (10/(-3))/((-4)/6). Suppose 5 = 4*r - z, j*r + z = 4*r. Let m = r + 2. What is the units digit of m?
3
Let t(h) = 21*h**2 - 9*h + 8. What is the units digit of t(4)?
8
What is the hundreds digit of ((-91)/28)/(1/(-64))?
2
Let r(w) = -3*w - w**2 - 5 - 8*w + 3*w. What is the units digit of r(-7)?
2
Let g = 153 - 95. What is the units digit of g?
8
Let i(j) be the second derivative of j**4/12 + 4*j**3/3 + 2*j**2 + 2*j. Let v be i(-8). Suppose 18 = v*u + 3*q, q = -4*q + 10. What is the units digit of u?
3
Let k be 5/2*1*2. Suppose -3*q = -4*q + k. Suppose x + 16 = q*x. What is the units digit of x?
4
Suppose 4*u + 660 = -u. Let k = -73 - u. Suppose 0 = 5*g + 9 - k. What is the tens digit of g?
1
Suppose 2*f + 3*d + 2 = -13, 15 = 4*f - 3*d. Let y(a) = 16*a + 0 + 0 + f. What is the tens digit of y(1)?
1
Suppose 2*y - 23 = -7. Suppose -y = -2*g + 60. What is the units digit of g?
4
Let y(d) = d**3 - 5*d**2 - 6*d + 8. Let i be y(6). Suppose i*u = 5*u + 6. Suppose r = -m + 4, 0 = r + 4*m + u. What is the units digit of r?
6
Suppose -4*r = -3*r + 8. Let n = 0 - r. What is the units digit of n?
8
Suppose 0*i - 31 = -i + p, p + 143 = 5*i. Suppose 3*z - 2*y = i, -1 - 43 = -2*z - 5*y. What is the units digit of z?
2
Let s(v) = -v**2 + 3. Let j be s(-3). What is the tens digit of 22/j*-3 + 3?
1
Suppose -26 = 5*s - 1. Let d be (s/(-5))/(2/4). What is the units digit of (3/d)/(6/56)?
4
Suppose 3*q + 4*r = 182 - 4, 158 = 3*q - r. What is the tens digit of q?
5
Let m = -29 - -51. What is the tens digit of m?